25 - 18. Let i(r) = -5*r - 10 + 0*r + r**2 + 0*r. What is i(u)?
4
Let d(b) = -17 + b + 17. Suppose 0 = 3*x + 3*z - 9, 2*x + 21 = -3*x + 4*z. Give d(x).
-1
Suppose -2*j = 3*j + 2*q - 25, -4*j - 4*q = -20. Let u(d) = d**2 - 3*d - 5. Calculate u(j).
5
Suppose 0*d + d = -o + 2, 0 = -2*d - 5*o + 1. Let y = d + -4. Let f(x) = -x**3 - x**2 - 2*x - 1. What is f(y)?
1
Suppose 0 = k - 4*k + 6. Suppose -3 = -i + b - 0, -k*i = -5*b - 9. Let u(y) = y**3 - 2*y**2 + 1. Determine u(i).
1
Let i(n) = -n**3 + 4*n**2 + n - 12. Let d(y) = 13 + 3*y**2 + y**3 - y**2 - 6*y**2. Let x(z) = -5*d(z) - 6*i(z). Give x(5).
2
Let t(n) = -n**3 - 10*n**2 + 2*n + 20. Let j be t(-10). Let o(c) = c**2 + 1. Calculate o(j).
1
Let h(x) = -5*x**2 - 11*x - 12. Let o(d) = d**2 + d + 1. Let a(k) = -h(k) - 6*o(k). Let l(m) = -m - 1. Let r be l(-6). Suppose -r*y - 10 = -7*y. Give a(y).
6
Let v = 9 - 8. Let i(z) = -15*z**3 + 2*z**2 - z. Determine i(v).
-14
Let d(r) = -3*r - 6. Let t be d(1). Let b(a) = a**3 + 8*a**2 - 7*a - 4. Calculate b(t).
-22
Let b(h) be the first derivative of -h**3 + 0*h**2 - 1/4*h**4 + 0*h - 1. Suppose 0 = -5*n - 1 - 14. Give b(n).
0
Suppose 0 = -9*p - 12 - 33. Let u(q) = q**2 + 4*q - 3. What is u(p)?
2
Suppose 4*s + 15 = 3*s. Let p(u) = u**3 + 14*u**2 - 15*u + 5. Let r be p(s). Let o(c) = -c**3 + 4*c**2 + 7. Determine o(r).
-18
Let g be 0/4 - -2*1. Let c(p) = g*p**3 + 5*p**2 - 4*p**3 - 6*p - 1 + 3 + 3*p**3. Calculate c(-6).
2
Let s(p) = p**3 - p. Let g be s(0). Let v(m) = g + 2 + m**2 - 4 + 3*m - 2. What is v(-4)?
0
Let z(j) be the first derivative of -j**4/4 - 2*j**3/3 - j**2/2 - 2*j - 48. Determine z(-3).
10
Let b(s) = s**3 - 4*s**2 + 2*s. Let j = -14 + 18. Suppose -10 = -j*f - f. Calculate b(f).
-4
Suppose 3*q = -2*q. Let t(r) = r + 1 + 0*r + q*r. Suppose 2*v - 3*c - c + 18 = 0, 0 = -3*v - c - 6. What is t(v)?
-2
Let h(u) = -u**2 - 3*u + 2. Let d(o) = 5*o**2 + 12*o - 8. Let c(x) = 2*d(x) + 9*h(x). Suppose -5*y = -66 - 14. Let j = 19 - y. Determine c(j).
2
Let x = 18 + -14. Let k(i) = 1 + 5 + i**2 - x*i - 4. Give k(2).
-2
Let k = -9 - -14. Let p = 6 - k. Let f(x) = 5*x**2 - 1. Calculate f(p).
4
Let a(u) be the first derivative of u**4/4 + u**3/3 - 3*u**2/2 - u - 6. Calculate a(-2).
1
Let k be ((-6)/15)/((-4)/5). Let c(p) be the first derivative of -2 - k*p**2 - 2*p. What is c(-1)?
-1
Let o(a) = a + 2. Let m be o(-2). Suppose -x - 9 + 36 = m. Suppose 3*w - 4*z - z = -x, -w + z - 7 = 0. Let g(i) = i**2 + 4*i - 4. Calculate g(w).
-4
Let l(t) be the third derivative of t**5/60 + t**4/12 + t**3/6 - 4*t**2. Let d(m) = m - 11. Let v be d(10). What is l(v)?
0
Let g(f) = f**2 - 3 + f + 3*f + f + 8. Determine g(-6).
11
Let d be ((-171)/(-38))/((-3)/(-4)). Let o(r) = r - 2. Give o(d).
4
Let a(y) = 2*y**3 - 2*y**2 - y - 1. Suppose -f = -3*f + n - 56, 0 = -5*f - 2*n - 149. Let t = -21 - f. Let k be (5/(-10))/((-2)/t). Give a(k).
5
Suppose 39 = 3*r - 0. Let x = r + -16. Let g(l) = l + 3. Let p(b) = b + 4. Let v(w) = -3*g(w) + 2*p(w). Calculate v(x).
2
Let o(r) be the third derivative of -r**6/120 - r**5/20 - r**4/12 - r**3/6 - r**2. Suppose 0 = 5*c - 15, -5*s + 2*c + 2 = -2. Suppose -2*h + 0 = s. Give o(h).
-1
Let d(m) = 5*m - 1. Let i(p) = p**2 - 8*p - 6. Let f be i(9). Let o be (-1)/f*0 + 1. What is d(o)?
4
Let s be 390/180 + (8/6)/(-2). Let g(q) be the first derivative of -4 - 2*q + s*q**2 - 1/3*q**3. What is g(4)?
-6
Let o(x) = x**3 + 7*x**2 - 2*x + 5. Let i(t) = -2*t**3 - 8*t**2 + t - 6. Suppose -4*u + 3 = -9. Let y(g) = u*o(g) + 2*i(g). Let d = -5 - -9. Give y(d).
3
Let i(w) = -w**2 - 4*w + 4. Suppose -2 = 2*f - t - 4*t, -4*f - 5*t = 34. What is i(f)?
-8
Let m(b) be the second derivative of b**4/2 - b**2/2 - 2*b. Let d = -2 - -3. What is m(d)?
5
Let x(c) be the second derivative of c**5/120 - c**4/3 + c**3/3 + 6*c. Let j(q) be the second derivative of x(q). What is j(6)?
-2
Let j(m) = m. Let s be (18/15)/(1/15). Suppose s = 7*v - 4*v. Calculate j(v).
6
Let c(k) = k**3 - 8*k**2 + 8*k - 4. Let m be c(7). Let t(a) be the second derivative of -1/3*a**m - a**2 + 4*a + 0. What is t(-5)?
8
Let u(p) = -p**3 - p**2 + 3*p + p**2 - 5*p**2 + 2*p**2 + 4. Let r be u(-3). Let q(m) = 0*m - 1 - 6*m - m**2 - 3. Determine q(r).
1
Let t(p) = p**3 + 4*p**2 - 2*p. Suppose -2*u = 3 + 5. Calculate t(u).
8
Let d(f) = -4*f + 3. Let h(p) = p - 1. Let s(i) = d(i) + 6*h(i). Let w be 1 + -2 + -3 + 2. Let l be -6*(0 + w/3). Give s(l).
5
Let g(s) = 3*s**2 + 14*s + 20. Let x(y) = -8*y**2 - 41*y - 60. Let p(q) = 11*g(q) + 4*x(q). Let k be p(12). Let z(b) = b**3 - 3*b**2 - 2*b. What is z(k)?
8
Let k(p) = p**3 - 3*p**2 - 6*p + 14. Let s be k(4). Let y(b) = -b**3 + 5*b**2 + 5*b + 5. Calculate y(s).
-1
Let f(q) = q + 4. Let t be f(-2). Let k(g) = -4 - t - g + 6. Give k(3).
-3
Let a(o) = -5 + 1 - 9*o + o + 5*o. Suppose 4*y - 14 = -2. What is a(y)?
-13
Let j(r) be the third derivative of -r**5/60 + r**4/24 + r**3/6 - r**2. Give j(-1).
-1
Let t(b) = 7*b**2 + 15*b**3 - 25*b**2 + 9*b**2 + 8*b**2. Determine t(1).
14
Let c = -5 - -2. Suppose -d - 6 = -3*d. Let r(x) = -5*x + 4*x**3 + x**2 - 2 + x**2 - 3*x**d. Determine r(c).
4
Let t(l) be the third derivative of -l**4/24 - l**3/6 - 2*l**2. Let s be t(-2). Let q(d) = 9*d - 1. Give q(s).
8
Let g(p) = p**3 + p**2 + p + 8 - 10 + 0*p**3 + 1. Determine g(0).
-1
Suppose -4*f = -f. Let g(u) = -3*u + 5*u**2 + 2*u + f*u + u**3. Determine g(-5).
5
Let u = -2 - -3. Let m(y) = 9*y**3 - y**2 + y - 1. Determine m(u).
8
Let x = 22 + -29. Let f(g) = -g**2 - 4*g + 7. Give f(x).
-14
Let c(k) be the third derivative of k**6/120 - k**5/15 + 5*k**4/24 - k**3/3 - 7*k**2. Determine c(3).
4
Let p(d) be the third derivative of -d**6/120 - d**4/24 + 2*d**3/3 - 5*d**2. Calculate p(0).
4
Let c(z) = z - 14. Let m = -18 + 18. Give c(m).
-14
Let t(h) = -11*h**3 + 7*h**3 - 2 + h + 4*h**2 + 5*h**3. Give t(-3).
4
Let j(a) = -a**2 - 4*a - 1. Let x be j(-5). Let b(l) = -l - 7. Determine b(x).
-1
Let n be (-60)/8*8/6. Let h = n + 10. Let j(b) = -b + 4. What is j(h)?
4
Let y = -2 - 0. Let u(a) be the first derivative of a**6/180 + a**5/120 + a**4/24 - a**3/3 - 1. Let z(g) be the third derivative of u(g). What is z(y)?
7
Suppose 5*p - 32 = -6*t + 2*t, t + 4*p - 19 = 0. Let u(o) = 2*o**2 + 21*o - 3 - t*o**2 + 2 - 19*o. Give u(2).
-1
Let r(q) = 6*q**2 - 2*q + 10. Let n(i) = -7*i**2 + i - 11. Let t(m) = 5*n(m) + 6*r(m). Calculate t(5).
-5
Let v(x) = x**3 + 2*x**2 + x + 2. Suppose 7 - 1 = -3*z. What is v(z)?
0
Let p(v) = -2*v - 231 - v + 232. Determine p(3).
-8
Let f(h) = -4*h**3 + h**2 - 7. Let b(q) = 5*q**3 - q**2 + 8. Let w(i) = 5*b(i) + 6*f(i). Give w(0).
-2
Let y(n) = -3 + 5 - 3 + n. Let z(w) = -10*w + 27. Let l be z(3). Give y(l).
-4
Suppose -5*n = -5*a + 10 - 45, 4*a + 4*n + 4 = 0. Let g(j) = 2*j - 2. Give g(a).
-10
Let c(h) = -5*h - 2. Let r be c(-2). Suppose 4*v = r*v - 8. Let x(a) = -3*a + 1. What is x(v)?
-5
Let p(r) = 2*r**2 + 2*r. Let v(d) = -2*d + 1. Let w be v(-2). Suppose 3*k = w*k. Suppose k*i + 8 = -4*i. Give p(i).
4
Let r(q) be the first derivative of 2*q**3/3 + 3*q**2 + q + 19. Determine r(-4).
9
Suppose -6*j + 5*j - 2*f = 9, -5*f - 30 = 5*j. Let t(m) = -m - 1. Let o(r) = 4*r + 4. Let s(c) = o(c) + 3*t(c). Give s(j).
-2
Let a(n) = -4*n + 1. Suppose -w - 3*u - 1 = -3, -w = 2*u - 1. What is a(w)?
5
Let h(o) be the second derivative of -o**3/3 - o**2/2 + 8*o. Calculate h(-1).
1
Let p(r) be the second derivative of -r**7/2520 - r**6/180 - r**5/60 - r**4/3 + r. Let z(d) be the third derivative of p(d). What is z(-3)?
1
Let o(w) = 1 - 85*w**2 - 2 + 86*w**2. Give o(2).
3
Let l(i) = i**3 - i**2 - i - 6. Let p = -141 - -141. What is l(p)?
-6
Let l(g) = g**2 + g - 3. Let m be l(-6). Let p(s) = -s + m - 27. What is p(-6)?
6
Let m be 12/(-9)*(-3)/2. Let j(d) = -4 - 2*d**3 + d**3 + 4*d**2 + 5 - m*d + 1. What is j(2)?
6
Let w(g) be the second derivative of g**5/20 + 7*g**4/12 + g**3/3 + 3*g**2/2 + g - 24. What is w(-7)?
-11
Let v be 0 + 2 + -1 + -12. Let a(b) = b + 11. Let l be a(v). Let d(c) = -3*c - 1 + l + 5 + 2*c. Calculate d(4).
0
Let w(q) = 6 + 7*q + 0 + 3 + q. Let g(o) = 4*o + 4. Let i(d) = 5*g(d) - 3*w(d). What is i(-5)?
13
Let v(i) = -i**2 - 6*i - 1. Let h be v(-7). Let x = -9 - h. Let b = 2 + x. Let u(a) = -a**2 + 1. Determine u(b).
0
Let p = 9 + -5. Let t(u) be the second derivative of u